e?
True
Suppose 0 = -2*z - 5*z - 623. Suppose 0 = 2*j - 5*j + 1020. Let t = z + j. Is t a prime number?
True
Suppose -20*b + 31*b = 363649. Is b composite?
True
Suppose 3*g - 3*u = -24 - 30, -63 = 4*g - u. Let n = g - -18. Suppose -879 = -3*c + 2*m, -4*c + 1195 = n*m + 2*m. Is c a composite number?
True
Let h = -33 - -37. Suppose 907 = h*k - 2377. Is k prime?
True
Let o be (-16)/24 - (-10)/6. Let c be ((-139)/(-2))/(o/2). Let v = c - 5. Is v a composite number?
True
Let a = 42 + -86. Is 411/(-1)*a/66 a prime number?
False
Suppose -4*g - 7 = 25. Let w = g - -11. Suppose -w*f = -262 + 85. Is f prime?
True
Let k(p) = -202*p**3 + 4*p**2 - 5*p - 12. Is k(-3) a prime number?
False
Suppose 2*t = -3*i - 2543, -591 = 4*t - 5*i + 4506. Let h = 1836 + t. Is h a composite number?
False
Let h(d) = -2*d**3 - d**2 - 9*d - 5. Let a be h(-6). Suppose -5*q - o = -27, -14 = -4*q - o + 8. Suppose q*p + 0*p = a. Is p a prime number?
True
Is 2 + 100/(-45) + (-9389)/(-9) a composite number?
True
Let h be (32/40)/((-1)/(-5)). Suppose -h*u = u - 10. Suppose 0 = -0*x - u*x + 382. Is x a composite number?
False
Let i(g) = 14*g**2 - 6*g - 10. Let v be i(9). Suppose v = 2*k + 4*f, f + 1091 = 2*k - 2*f. Is k prime?
True
Suppose 0*s = 3*s - 585. Let k = -357 + 221. Let t = s + k. Is t a prime number?
True
Let k(m) = -16 + 21*m - 6 + 1 + 55*m. Is k(14) prime?
False
Is ((-55)/(-5) - 12)*-18201 composite?
True
Suppose -5*i + t = 4, 3*t = i + 4*i + 2. Let p be i - ((-66)/2 + -3). Let w = p - -188. Is w a composite number?
False
Is 48493 + (-120)/70 + (-2)/7 composite?
False
Suppose 0 = -14*s - 4*s + 50886. Is s prime?
False
Let f be (-3 + 4 + -2)*-452. Let a = f + 233. Is a a composite number?
True
Let i(z) be the second derivative of z**4/6 + 7*z**3/6 + 3*z**2/2 + 7*z. Let t be i(6). Let u = -52 + t. Is u composite?
True
Let s = 7 - 4. Suppose -2124 = -s*p - 5*z, 3*z - 2151 = -3*p + 7*z. Suppose -p = -4*l + 563. Is l a composite number?
True
Let w = 42 + -40. Suppose -4*z - 5*t = -1501, w*t = -3*t - 15. Is z a prime number?
True
Let f(z) = 10 - 34 + 223*z + 11. Is f(14) composite?
False
Suppose 43*k = -18928 + 165945. Is k prime?
False
Suppose -4*p = -594248 - 298100. Is p prime?
True
Let t(a) = a**2 + 3*a - 11. Let r be t(-6). Suppose 3*v - r*v - 12 = 0. Is v/2 - 381/(-6) composite?
True
Is (-92)/(-115) - 28982/(-10) composite?
True
Suppose -c - c = -18. Let u(r) be the first derivative of -r**4/4 + 10*r**3/3 - 3*r**2 + 4*r + 17. Is u(c) a prime number?
True
Let s(k) be the second derivative of -k**5/10 - k**4/3 - k**3 - 5*k**2/2 + 2*k. Suppose -44 = a + 10*a. Is s(a) a prime number?
True
Let w(n) = -n + 4. Let v be w(6). Is ((-1)/v)/(6/13308) composite?
False
Let i = 129 - -568. Is i composite?
True
Let r(d) = d**3 - 5*d**2 - 5*d + 1. Let o be r(6). Suppose 4*h = o - 23. Is 420/2 - h/4 a prime number?
True
Let w(v) = -v**3 + 12*v**2 + 15*v - 22. Let r be w(13). Suppose -r*a = -a - 201. Is a composite?
False
Let d = 6837 + -3608. Is d a composite number?
False
Let q(g) = 2*g**2 - 2*g + 11. Let y(f) = -f**3 + 11*f**2 - 10*f + 4. Let k be y(10). Is q(k) a prime number?
False
Suppose 5*x - 764 = 1281. Let k be 855/105 + (-1)/7. Is (k/(-1))/4 + x composite?
True
Let q(g) = 3*g**3 + g**2 + 2*g + 2. Let w be q(-1). Let d(u) be the third derivative of 2*u**5/3 + u**3/6 + 4*u**2. Is d(w) composite?
True
Let i(o) = -2*o**3 - 27*o**2 - 7*o - 21. Is i(-19) prime?
False
Let j(c) be the first derivative of 3*c**3 + 7*c**2/2 + 3*c - 8. Suppose b + 0*b = -7. Is j(b) prime?
False
Let a = 1880 + -401. Suppose 7*y - 4*y - a = 0. Is y composite?
True
Let z(m) = 9*m**2 + 4*m - 3. Suppose 2*t + 2 = 3*t. Let x be z(t). Suppose 0*o + 4*o - 199 = -5*i, i + 2*o = x. Is i a composite number?
True
Let u(d) = -2*d + 4. Let v be u(4). Let m(t) = -64*t + 1. Is m(v) prime?
True
Let g(r) = -249*r + 17. Let o(z) = -83*z + 6. Let v(j) = 3*g(j) - 8*o(j). Suppose 8 - 12 = i. Is v(i) a prime number?
False
Let l be (-3 - -4)*-21*(-68)/6. Suppose -4*n + 1304 = 3*c, 4*c - l - 75 = -n. Is n a prime number?
False
Let j(k) = k**2 - k - 1. Let b(q) = 5*q**2 - 4*q - 2. Let m(p) = -b(p) + 6*j(p). Let w be m(3). Is (-16)/8 - w*25 prime?
True
Suppose -2*s = 0, -3*t - 248005 = -8*t + 2*s. Is t a composite number?
True
Let r be (0 - -1)*(-2 - -3). Is (6/3)/(4/254)*r a composite number?
False
Suppose -30*b = 35561 - 3698291. Is b a composite number?
True
Let j(n) = 2*n - 6. Let y be j(-3). Let p be (2/1)/(-11 - y). Suppose p*l = 4*l - 428. Is l prime?
False
Suppose 5*d + j = 1944, -6*j = -2*j - 16. Suppose 5*k - 1654 = 3*k. Let r = k - d. Is r a prime number?
True
Suppose 4*w + 45 = z + 12, 0 = w - 5*z + 13. Let q(v) = 11*v**2 - 7*v - 7. Is q(w) prime?
False
Let a(m) = 941*m + 337. Is a(20) a composite number?
False
Suppose 5*x - 2*d - d - 527 = 0, -x + 111 = -2*d. Let q = x + -44. Is q a composite number?
False
Let h(d) = 11*d**2 + 9*d + 19. Let m be -1*(4 + (1 - -8)). Is h(m) composite?
True
Let t(w) = 17*w - 1. Let y be t(-5). Let z be (-88)/(-12)*39 - -1. Let m = y + z. Is m a prime number?
False
Let c(i) = i**3 - 9*i**2 - 12*i + 25. Let m be c(10). Let w be (m - 2) + (-30)/6. Is (-165)/w - 1/(-2) prime?
True
Is (-4)/(-3) - 184/72*-2037 composite?
True
Let f(y) be the second derivative of y**4/3 - y**3/2 - 7*y**2 - 3*y. Suppose 39 = -2*a - a. Is f(a) prime?
True
Let u = 4834 - 2313. Is u composite?
False
Let g(n) = n**3 + 6*n**2 + 2*n - 4. Let x be g(-6). Let d be 1 - (-4)/x*4. Suppose d = -t + 5*t - 2292. Is t a prime number?
False
Let f be (-2)/(-10) + 5846*(-4)/20. Let p = -484 - f. Is p prime?
False
Let k = 12 + -10. Let b(v) = v**3 - 6*v**2 - 6*v - 4. Let h be b(7). Is (216 - k) + h/1 a prime number?
False
Suppose 19*u = -42*u + 809653. Is u a prime number?
False
Suppose 10 = i + 5. Suppose -5*a = n - 384, 0 = 5*n - i*a - 1178 - 712. Is n prime?
True
Let c(f) = 516*f**2 + 17*f + 3. Is c(-4) a prime number?
True
Let n(k) = -17*k + 43. Is n(-12) prime?
False
Let q(v) = 3*v**2 + 9*v + 79. Is q(-18) a composite number?
True
Let y(j) be the second derivative of 1/2*j**2 + 11/4*j**4 + 0*j**3 + 0 + 9*j. Is y(2) a prime number?
False
Let y = 105 - 4. Suppose -11*x - 499 = -125. Let f = y + x. Is f composite?
False
Suppose 5*s + 219 = 4*s. Is (-4)/(-1)*1 - s a composite number?
False
Let h = 19 - 17. Suppose 0 = -0*c + h*c + 3032. Let z = c + 2565. Is z composite?
False
Let m be (8/(-20))/(3/(-15)). Suppose -m*p = -5*l - 8822, 6198 = p + 2*l + 1769. Is p a prime number?
True
Let m be (-21)/((-1637)/(-328) - 5). Let k = m + 283. Is k composite?
False
Suppose -5*q - 86619 = -4*v, -q - 86659 = -4*v - 4*q. Is v a prime number?
True
Let a = -504 - -5503. Is a a composite number?
False
Suppose -4*g = 3*z - 1429, 0 = -5*z - 0*z + 5*g + 2335. Let r(m) = -m**2 - 19*m + 26. Let x be r(15). Let j = z - x. Is j composite?
True
Let m(c) = 6*c**3 + 8*c**2 + 5. Let l be m(-6). Let x = 3320 + l. Is x a prime number?
False
Let z(s) = -s**2 + 3*s**3 - 3*s - 6*s**2 + 8 + 4*s**2. Is z(5) composite?
False
Is 197507/3*(9 + -3 - 3) a composite number?
False
Let w be (19/1)/(4/68). Let d = 2005 + w. Is (-1)/5 - d/(-15) a prime number?
False
Let p = 10 - 11. Is 631/(-3 - 4/p) composite?
False
Let z(i) = -4*i**3 + 6*i**2 + 3*i. Let a(p) = 2*p**2 + 1. Let d be a(1). Suppose -5 = d*r - 5*m, 5*m = -r - 2*r - 25. Is z(r) a prime number?
False
Let y(d) be the second derivative of 3*d + 1/2*d**2 - 9/2*d**3 + 0. Is y(-2) composite?
True
Suppose -4*s + 0*s - 872 = 0. Let m = 135 + s. Let h = 120 + m. Is h prime?
True
Let i be (2 - -245) + -6 + (-5 - -1). Suppose 25*f - 26*f + i = 0. Is f composite?
True
Suppose k - 4*i = 465 + 3258, -2*i + 14856 = 4*k. Is k a prime number?
False
Let t(m) = -m**3 + 7*m**2 - 6*m + 3. Let w be t(6). Suppose w*v - 3 = 0, -5*y + 0*y + 95 = 5*v. Is y/135 - 19406/(-30) prime?
True
Let c = -27260 - -51187. Is c a prime number?
False
Let s(f) = -1934*f + 45. Is s(-8) a prime number?
False
Is 6*(497/(-2) - -4)/(-3) a composite number?
True
Suppose -9381 = -883*p + 880*p. Is p a prime number?
False
Suppose -84*y + 68*y = -111920. Is y a composite number?
True
Suppose 3 = 5*c - b - 46, 5*c - 46 = 4*b. Is (-1914)/(-15)*c/4 a prime number?
False
Let r(d) be the third derivative of -49*d**4/24 + 5*d**3/3 - d**2. Let x be r(-8). Suppose